ate (17 - 28) + (-1 - -4).
-8
Evaluate (-9 - -11) + (2 - 0).
4
What is -4 + 5 + -1 + 3?
3
Calculate (5 - (-3 - -11)) + 6 + -3.
0
Evaluate ((3 - 2) + 3 - 6) + 3.
1
Calculate (9 - 9 - 7) + 1.
-6
Calculate 18 + -20 + (-1 - -2).
-1
4 + (-4 + 2 - (10 - 5))
-3
Calculate -1 + 5 + -6 + 1.
-1
Calculate 3 - 5 - (3 + -5 - -5).
-5
What is -1 + -5 - (-3 + (17 - 12))?
-8
What is (9 - -4) + -13 - (-1 - -7)?
-6
Calculate 2 + (-18 + 6 - -8).
-2
71 - 61 - (0 + 13)
-3
What is -2 - (-5 + (-13 - -18))?
-2
Calculate 3 + (-4 - 0) + -1.
-2
What is the value of -2 - ((-5 - 2) + -1)?
6
What is the value of -18 + 24 - (10 - 3)?
-1
What is the value of 0 + -4 + (53 - 45)?
4
Evaluate 0 + (2 - -1) + -4.
-1
Calculate (-3 - (0 + -4)) + 2.
3
Calculate (4 - (1 + 0)) + -3.
0
-7 + -1 + 0 + -80 + 80
-8
What is the value of -5 - (4 + -11 - -1) - 1?
0
Evaluate 3 + (-5 + 0 - -5).
3
What is the value of 5 + -5 - (-1 + 5) - -4?
0
What is (4 - 23) + (5 - -5)?
-9
What is the value of 3 + (-6 - -4 - (2 - 7))?
6
-6 - (1 + -1) - (10 + -12)
-4
Evaluate -7 + 1 + (2 - (8 - 10)).
-2
Evaluate 26 + -22 - (0 - 0 - 1).
5
Evaluate 11 - (5 + -8) - 8.
6
Calculate -3 - (-5 + 4) - (1 - -3).
-6
Calculate -11 - (-7 - (-6 - (-7 - 0))).
-3
What is the value of -1 + 6 + -19 + 16 + -5?
-3
-3 + -6 + -1 + 9
-1
What is -4 - (4 + (5 - 10))?
-3
What is the value of -3 + 19 + -11 + -2?
3
(-9 - -9) + (6 - 3)
3
What is -2 - (2 + (-5 - 0))?
1
What is the value of (6 + -3 - 3) + 12 + -9?
3
1 - 4 - (-6 + 20 + -10)
-7
What is the value of 12 + ((-16 - -1) + 7 - -2)?
6
What is (1 - 6) + (1 - -3) + -1?
-2
-1 - ((-1 - 2) + (-39 - -36))
5
Calculate 0 - -3 - (-7 + (-6 - -11)).
5
What is 7 + -4 + 6 + (-10 - 1)?
-2
What is (-1 - -1) + -4 + 1 + 0?
-3
Calculate 0 - 2 - ((5 - -1) + -9).
1
What is the value of (0 - -2) + (3 - 4)?
1
Evaluate (3 - 10) + 7 + (3 - 8).
-5
(1 - 2 - -11) + -5 - 1
4
Evaluate (3 - -4 - 14) + 0 + 2.
-5
What is (1 - 9) + -9 + 23?
6
What is the value of (-7 - 2) + (7 - 3)?
-5
Evaluate (0 - -2) + (-9 - -9).
2
What is 3 - 0 - (10 + -3) - -5?
1
What is the value of -3 + 1 + -2 + 4 + 2?
2
What is the value of -1 + (2 - 1) + 1 + 4?
5
Evaluate (11 - 3 - 2) + -4 + 1.
3
0 + 0 + (5 - 0 - 6)
-1
What is 25 - (6 - (5 - 6)) - 7?
11
0 + -3 - (-3 + -3 + 5)
-2
Evaluate -56 + 50 + (0 - -4).
-2
Evaluate (308 - 300) + (-8 - (0 + -1)).
1
What is -7 + (12 - (2 - 1))?
4
What is (-8 - -13 - -3) + -4?
4
Evaluate (0 - 4) + 6 - (5 - 1).
-2
What is the value of 0 + 9 - (2 + 2)?
5
-3 - -3 - -3 - (22 + -10)
-9
What is -7 + 4 + -2 + 2?
-3
2 - (-3 + -1 + 1)
5
What is the value of -9 - (10 - (24 + -7))?
-2
What is the value of 10 + -6 + (0 - -1)?
5
0 + -5 - (-8 + (-5 - -4))
4
-1 + 2 + 1 + (-4 - -1)
-1
What is the value of 7 + -9 + (-1 - 2 - -3)?
-2
Evaluate -3 + 8 - (0 + 7).
-2
What is 1 + (8 - (-5 + 4)) + -3?
7
What is (0 - (0 + 0)) + -36 + 32?
-4
What is the value of (-3 - -6) + 5 - 0?
8
What is -7 - (6 + -8 + -6 + 0)?
1
What is the value of -5 + -1 + 2 + (29 - 27)?
-2
What is the value of 7 + 6 + 3 + -8?
8
Calculate -7 + 3 + 18 + -11.
3
Calculate 1 + (-3 - -2) + -1.
-1
What is the value of (4 - 9) + -2 + 9 - 3?
-1
What is -2 + (0 - (0 - 0)) - -2?
0
What is the value of -3 + 1 + (-2 - -11) + -2?
5
Calculate -9 + (5 - 3) - (-4 - 0).
-3
What is the value of -1 + 3 + (4 - (-7 - -12))?
1
Evaluate -7 + 0 + (-18 - -22).
-3
Calculate -4 + -2 + 10 - 0.
4
Calculate (-2 - 2) + 1 + 3.
0
What is the value of 6 + 5 + -4 + -3 - 9?
-5
What is (14 - 2) + (-55 - -43)?
0
(13 - 6) + -4 + -7
-4
3 + (2 - 1) - 4
0
Calculate -1 + 8 + 9 + -3 + -7.
6
Evaluate -3 - (2 - 4) - -4.
3
What is the value of 9 + (-5 - -8) - 3?
9
What is (-7 - -2) + (5 - -17 - 7)?
10
Evaluate -1 - (-3 + (3 - 2)).
1
-4 + 1 - (8 + -6)
-5
-10 - (-29 + 6) - 5
8
Evaluate 7 - 1 - (-21 - -33).
-6
Calculate (13 - 16) + 14 + -3.
8
What is the value of -1 + (11 + -14 - (-4 - 1))?
1
What is the value of 3 + (4 + 10 - 10)?
7
What is 2 + 0 + 3 - (5 + -3)?
3
Calculate 14 - (-2 - -14) - (3 - -1).
-2
What is the value of 3 - 0 - 1 - 6 - -5?
1
What is the value of 2 + -5 + (3 - 0)?
0
-3 + 5 - ((6 - 7) + -4)
7
Calculate 1 - 7 - (-34 + 28).
0
What is (2 - 5 - (-1 + 3)) + 4?
-1
What is (3 - 1 - (5 - 1)) + -1?
-3
8 + -14 - (3 - 13 - 0)
4
Evaluate (0 - -3) + -59 + 63.
7
3 + -2 - (-3 - 1) - 2
3
What is 3 + -3 + 5 + 6?
11
Evaluate 446 + -458 - ((-1 - 0) + -5).
-6
What is the value of (2 - -5) + (-47 - -39)?
-1
Evaluate 2 + -3 + 2 + -4.
-3
What is (0 - (6 + -13)) + -13?
-6
0 - -11 - (206 - 193)
-2
Calculate (1 - 1) + 1 - (5 + -7).
3
What is the value of (3 - (-6 + 11)) + -2?
-4
Calculate (0 - 5) + -4 + 6.
-3
What is the value of -4 + 0 + 13 + -12?
-3
Calculate (-6 - -2) + (5 - 5).
-4
Evaluate (0 - -1) + (2 - 0).
3
(-3 - -2) + 0 - (-5 - 1)
5
What is -2 + (0 - 1) - (-8 + 9)?
-4
Evaluate 1 - (4 + (7 - 13) + 5).
-2
Calculate 1 - ((-5 - -3) + 4 + -3).
2
Evaluate -4 - 0 - -6 - 2.
0
7 - 4 - (-1 - -2 - 2)
4
Calculate 8 + -6 + (-3 - -1).
0
-8 - ((-1 - -2) + 3 + -5)
-7
What is 9 - (21 + -4 - 3)?
-5
What is the value of -4 - (3 - -1 - 4)?
-4
What is the value of (-1 + -2 - -7) + -2?
2
What is 0 - (0 + (0 - 1))?
1
Evaluate 3 - (7 + 0) - -5.
1
Evaluate 0 + -4 + 2 + 5.
3
What is (-5 - 3) + 1 + 5 + -2?
-4
What is -7 + -1 + 1 - -2?
-5
Calculate -1 + -1 - (1 - (-4 - -2)).
-5
(3 - -1) + (38 - 37)
5
Evaluate -5 - -1 - (-2 + -2 + 4).
-4
What is the value of 3 - ((12 - 6) + 0)?
-3
6 - (-2 - 4 - -12)
0
What is (-5 - 3 - 0) + 6?
-2
Calculate (-17 + 22 - (1 + 9)) + 0.
-5
Evaluate 7 + (-4 - (2 + -5)).
6
What is 0 + -3 + 0 + 8?
5
What is the value of (7 - 5) + -5 - -4?
1
Calculate (1 - -3) + -4 - (3 - 5).
2
Calculate (-2 - 5 - -1) + 7.
1
Evaluate (-8 - -1) + 7 - 2.
-2
Evaluate (-14 - (9 + -11)) + (0 - -5).
-7
-1 + -1 - (8 + -33 + 22)
1
Evaluate 0 + -3 - (96 - 103).
4
What is (-2 - -5) + 1 + (11 - 9)?
6
Evaluate (-2 - -3 - 4) + (14 - 8).
3
Calculate -7 + 15 - (2 + 3).
3
-5 + -1 + 0 + (-6 - -8)
-4
7 + -12 - (-5 + 3)
-3
23 - 16 - (-4 + 5)
6
Evaluate (3 + -13 - -2) + (-1 - -5).
-4
Evaluate 24 + -7 + -2 + -5.
10
Evaluate 7 + 4 + (-5 - 4) - 7.
-5
-1 - (3 + -2 + 1)
-3
(104 - 98) + (1 - (2 + 1))
4
What is 3 + (-6 + -7 - -6)?
-4
What is the value of (6 - -6 - 6) + (-4 - 1)?
1
Evaluate 1 + -3 - (6 + (-24 - -14)).
2
-2 + 2 - -2 - 4
-2
What is the value of 1 + (-9 + 2 - -11)?
5
What is the value of -4 + (4 - 0) + 0 + 0?
0
8 + -11 + 1 + -5 + 2
-5
8 + 0 + -6 + -17 + 20
5
Evaluate 3 + (3 + -2 + -2 - 5).
-3
(0 - -5 - (-26 + 33)) + -1
-3
What is the value of -6 - (-2 + -4 + 2)?
-2
Calculate 2 + -1 - (-7 - -6).
2
Calculate (1 - -11) + -10 + (0 - 6).
-4
Calculate -54 - -46 - (0 + 0 - 3).
-5
What is the value of -10 + 18 - (-2 - -8)?
2
5 - (1 - (3 + (-2 - 0)))
5
What is 2 + -3 + (2 - (1 - 5))?
5
Evaluate (-6 - (3 + -10)) + (-4 - -3).
0
(-4 + 4 - 5) + 9 + -9
-5
What is the value of -6 + 0 - (-1 + -3)?
-2
What is the value of (1 - 1 - 0) + -4?
-4
Evaluate -1 + (-2 + -1 + 0 - -3).
-1
What is -3 - (-11 + (3 - -4)) - -2?
3
(-19 - (-10 + 3)) + 10
-2
Evaluate -2 + (-7 - -1) + -10 + 16.
-2
What is the value of 3 - (8 + -2) - 0?
-3
-8 + (2 + -3 - -15)
6
What is 1 - (10 + 5 + -11)?
-3
What is the value of 3 - (3 - (-2 - -1))?
-1
Evaluate 8 + -5 + 1 + -6.
-2
What is the value of 5 + 2 + 0 + -6 + 1?
2
What is 13 - 9 - (3 + 2 + -3)?
2
Calculate (6 + 2 - 1) + -25 + 19.
1
What is 4 + (2 - (-1 - -14)) + 4?
-3
-2 - (1 - 1 - (5 - -1))
4
What is -7 + (9 - (-7 - -6))?
3
Evaluate (6 + -4 + -4 - -4) + -7.
-5
Evaluate 0 + 0 - (7 - 3) - -3.
-1
What is 9 - 1 - (5 + -12 - -10)?
5
(7 - (5 - 14)) + -11
5
(-4 - (-3 + 2)) + -2
-5
Evaluate -7 + (1 - (-4 - -4)).
-6
Evaluate -9 - ((-4 - -8) + -8).
-5
(-3 - -7) + 4 - 9
-1
What is the value of -3 + (4 - (0 - 3))?
4
6 + -8 + 7 + -10
-5
Evaluate -3 - -2 - (-11 + 0 - -5).
5
Evaluate (-19 - -13) + -1 - -10.
3
What is 0 + (-2 - 1) + 1 + 0?
-2
What is the value of -12 + 8 - (-1 + 2)?
-5
Calculate (1 - 5 - -13) + -4 - 2.
3
-2 + 0 + 3 + 0
1
(6 - (-1 + 4)) + -4 - 3
-4
What is the value of -13 + (-6 + 4 - -6)?
-9
Calculate (-1 - 1) + 10 + 2.
10
(-4 - 12 - -7) + 11
2
(11 - 16) + 0 + 8
3
Evaluate 3 - (13 + -11 - 7).
8
Calculate 16 + -13 - ((1 - -1) + 4).
-3
What is the value of 4 + 0 + -1 - 5 - 1?
-3
What is -3 - (-3 - (-8 + 16 - 0))?
8
What is the value of 7 - 2 - (4 - -2)?
-1
What is the value of (1 - -14) + (-58 - -48)?
5
What is 2 + (-5 - (2 - (